{"id":500,"date":"2015-03-13T15:59:17","date_gmt":"2015-03-13T13:59:17","guid":{"rendered":"http:\/\/www.masina-tuote.com\/?page_id=500"},"modified":"2019-11-19T13:37:05","modified_gmt":"2019-11-19T11:37:05","slug":"faq","status":"publish","type":"page","link":"https:\/\/www.masina-tuote.com\/?page_id=500","title":{"rendered":"Usein kysytty\u00e4"},"content":{"rendered":"<div class=\"wpb-content-wrapper\"><p>[vc_row][vc_column][vc_column_text]<\/p>\n<h3>Kuuluuko jalustan hintaan kiinnitysrenkaat?<\/h3>\n<p>Toimitukseen kuuluu aina 2 kpl kiinnitysrenkaita \u201dValitse ensin\u201d kohdan mukaan.<\/p>\n<h3>Ovatko pikavaihtojalustojen kiinnitysrenkaat vaihtokelpoisia ?<\/h3>\n<p>Ovat. Aluksi rengaskokoja on vain kaksi, 25,4 ja 30 mm. Rengaskoot t\u00e4ydentyv\u00e4t my\u00f6hemmin esim 34 ja 36 mm.<\/p>\n<h3>Millaisista raaka-aineista pikavaihtojalustat on tehty ?<\/h3>\n<p>Kaikki pikavaihtojalustat on tehty korkealaatuisesta seosalumiinista. Pintak\u00e4sittely on kaikissa anodisointi.<\/p>\n<h3>Ovatko pikavaihtojalustat purettavia ?<\/h3>\n<p>Tikka-aseiden pikavaihtojalustat ovat helposti purettavia ja huollettavia. Picatinny- jalusta ei ole purettava. Ulkoinen puhdistus ja kuivaus riitt\u00e4v\u00e4t huoltotoimenpiteeksi. Huom ! Jos jalusta on purettu tai sit\u00e4 on yritetty purkaa, tuotteen valmistajan takuu ei ole en\u00e4\u00e4 voimassa. Puhdistuksen j\u00e4lkeen k\u00e4yt\u00e4 voiteluun kiinnityspinnoille mieluimmin valumatonta rasvaa. Kosteus ja roiskevesi pyyhit\u00e4\u00e4n esim. kankaalla, jonka j\u00e4lkeen jalusta annetaan kuivua huoneilmassa. \u00c4l\u00e4 nopeuta kuivumista esim. lis\u00e4l\u00e4mm\u00f6ll\u00e4!<\/p>\n<h3>Mit\u00e4 ty\u00f6kaluja tarvitaan kiikarin asennuksessa?<\/h3>\n<p>Jalustan toimitukseen kuuluvat vararuuvit ja 3 mm: kuusiokoloavain.<\/p>\n<h3>Liitet\u00e4\u00e4nk\u00f6 ulkomaille l\u00e4hetett\u00e4v\u00e4\u00e4n tavaraan Alv?<\/h3>\n<p>Vain Suomeen l\u00e4hetett\u00e4v\u00e4\u00e4n tavaraan lis\u00e4t\u00e4\u00e4n\u00a0 kassalla automaattisesti Alv 24 %. Hinnat muihin maihin l\u00e4hetett\u00e4viin tuotteisiin eiv\u00e4t sis\u00e4ll\u00e4 Alv, tulli tms maksuja.<\/p>\n<h3>Arvioituja l\u00e4hetyskuluja eri maihin?<\/h3>\n<p>Kun tilaat tuotteita ja siirryt \u201dKassalle\u201d joudut t\u00e4ytt\u00e4m\u00e4\u00e4n l\u00e4hetyksen postitusta koskevat tiedot. N\u00e4iden tietojen mukaan kulut lis\u00e4t\u00e4\u00e4n automaattisesti kassalla hintaan.<\/p>\n<h3>Maksutapa?<\/h3>\n<p>Ulkomailta tulevien tilausten maksutapa on p\u00e4\u00e4s\u00e4\u00e4nt\u00f6isesti PayPal. Suomesta tulevat tilaukset voivat tapahtua s\u00e4hk\u00f6postilla ja toimitus kirjeell\u00e4 tai pakettina.<\/p>\n<h3>Toimitusaika ?<\/h3>\n<p>Mik\u00e4li tavaraa on tilattavissa v\u00e4hint\u00e4\u00e4n 1 kpl, l\u00e4htee tavara postiin heti tai viimeist\u00e4\u00e4n 5 pv:n kuluttua.<\/p>\n<h3>Toimitustapa ?<\/h3>\n<p>Toimitustapa niin Suomeen kuin ulkomaille on posti.<\/p>\n<h3>Palautusehdot ?<\/h3>\n<p>Tuotteen palautusehdot on luettavissa t\u00e4m\u00e4n verkkokaupan Yleiset ehdot kohdassa 7.<\/p>\n<h3>Annetaanko tuotteille takuu ?<\/h3>\n<p>Masina-Tuote Oy my\u00f6nt\u00e4\u00e4 tuotteilleen yhden (1) vuoden takuun toimituksen vastaanottamisesta.<\/p>\n<h3>Tullimaksut?<\/h3>\n<p>Mahdolliset alv, tulli tms maksut eiv\u00e4t sis\u00e4lly ulkomaille toimitettavan tavaran\u00a0 hintaan.[\/vc_column_text][\/vc_column][\/vc_row]<\/p>\n<\/div>","protected":false},"excerpt":{"rendered":"<p>[vc_row][vc_column][vc_column_text] Kuuluuko jalustan hintaan kiinnitysrenkaat? Toimitukseen kuuluu aina 2 kpl kiinnitysrenkaita \u201dValitse ensin\u201d kohdan mukaan. Ovatko pikavaihtojalustojen kiinnitysrenkaat vaihtokelpoisia ? Ovat. Aluksi rengaskokoja on vain kaksi, 25,4 ja 30 mm. Rengaskoot t\u00e4ydentyv\u00e4t my\u00f6hemmin esim 34 ja 36 mm. Millaisista raaka-aineista pikavaihtojalustat on tehty ? Kaikki pikavaihtojalustat on tehty korkealaatuisesta seosalumiinista. Pintak\u00e4sittely on kaikissa anodisointi. Ovatko&hellip;<\/p>\n","protected":false},"author":1,"featured_media":0,"parent":0,"menu_order":0,"comment_status":"closed","ping_status":"closed","template":"","meta":{"footnotes":""},"class_list":["post-500","page","type-page","status-publish","hentry","description-off"],"aioseo_notices":[],"_links":{"self":[{"href":"https:\/\/www.masina-tuote.com\/index.php?rest_route=\/wp\/v2\/pages\/500","targetHints":{"allow":["GET"]}}],"collection":[{"href":"https:\/\/www.masina-tuote.com\/index.php?rest_route=\/wp\/v2\/pages"}],"about":[{"href":"https:\/\/www.masina-tuote.com\/index.php?rest_route=\/wp\/v2\/types\/page"}],"author":[{"embeddable":true,"href":"https:\/\/www.masina-tuote.com\/index.php?rest_route=\/wp\/v2\/users\/1"}],"replies":[{"embeddable":true,"href":"https:\/\/www.masina-tuote.com\/index.php?rest_route=%2Fwp%2Fv2%2Fcomments&post=500"}],"version-history":[{"count":5,"href":"https:\/\/www.masina-tuote.com\/index.php?rest_route=\/wp\/v2\/pages\/500\/revisions"}],"predecessor-version":[{"id":1396,"href":"https:\/\/www.masina-tuote.com\/index.php?rest_route=\/wp\/v2\/pages\/500\/revisions\/1396"}],"wp:attachment":[{"href":"https:\/\/www.masina-tuote.com\/index.php?rest_route=%2Fwp%2Fv2%2Fmedia&parent=500"}],"curies":[{"name":"wp","href":"https:\/\/api.w.org\/{rel}","templated":true}]}}